{"id":777,"date":"2019-04-30T12:40:52","date_gmt":"2019-04-30T10:40:52","guid":{"rendered":"https:\/\/www.keramiksymposium-roemhild.de\/ksr\/?page_id=777"},"modified":"2024-07-18T14:24:39","modified_gmt":"2024-07-18T12:24:39","slug":"2019-waaghaeuschen","status":"publish","type":"page","link":"https:\/\/www.keramiksymposium-roemhild.de\/ksr\/2019-waaghaeuschen\/","title":{"rendered":"Waagh\u00e4uschen am Viehmarkt R\u00f6mhild"},"content":{"rendered":"\n<p>Mit gro\u00dfer Eigeninitiative unseres Vereins wurde 2018, das sich am Viehmarkt in R\u00f6mhild befindliche Waagh\u00e4uschen, gemeinsam mit der Stadt R\u00f6mhild, zu einem &#8222;Hingucker&#8220; mit einer kleinen Ausstellungsfl\u00e4che restauriert.<\/p>\n\n\n\n<figure class=\"wp-block-gallery has-nested-images columns-default is-cropped wp-block-gallery-1 is-layout-flex wp-block-gallery-is-layout-flex\">\n<figure class=\"wp-block-image\"><img loading=\"lazy\" decoding=\"async\" width=\"1024\" height=\"768\" data-id=\"782\" src=\"https:\/\/www.keramiksymposium-roemhild.de\/ksr\/wp-content\/uploads\/IMG-20190427-WA0002-1024x768.jpg\" alt=\"\" class=\"wp-image-782\" srcset=\"https:\/\/www.keramiksymposium-roemhild.de\/ksr\/wp-content\/uploads\/IMG-20190427-WA0002.jpg 1024w, https:\/\/www.keramiksymposium-roemhild.de\/ksr\/wp-content\/uploads\/IMG-20190427-WA0002-300x225.jpg 300w, https:\/\/www.keramiksymposium-roemhild.de\/ksr\/wp-content\/uploads\/IMG-20190427-WA0002-768x576.jpg 768w, https:\/\/www.keramiksymposium-roemhild.de\/ksr\/wp-content\/uploads\/IMG-20190427-WA0002-618x464.jpg 618w, https:\/\/www.keramiksymposium-roemhild.de\/ksr\/wp-content\/uploads\/IMG-20190427-WA0002-138x104.jpg 138w, https:\/\/www.keramiksymposium-roemhild.de\/ksr\/wp-content\/uploads\/IMG-20190427-WA0002-444x333.jpg 444w\" sizes=\"auto, (max-width: 1024px) 100vw, 1024px\" \/><\/figure>\n<\/figure>\n\n\n\n<figure class=\"wp-block-gallery has-nested-images columns-default is-cropped wp-block-gallery-2 is-layout-flex wp-block-gallery-is-layout-flex\">\n<figure class=\"wp-block-image\"><img loading=\"lazy\" decoding=\"async\" width=\"768\" height=\"1024\" data-id=\"791\" src=\"https:\/\/www.keramiksymposium-roemhild.de\/ksr\/wp-content\/uploads\/IMG-20190427-WA0000-1-768x1024.jpg\" alt=\"\" class=\"wp-image-791\" srcset=\"https:\/\/www.keramiksymposium-roemhild.de\/ksr\/wp-content\/uploads\/IMG-20190427-WA0000-1.jpg 768w, https:\/\/www.keramiksymposium-roemhild.de\/ksr\/wp-content\/uploads\/IMG-20190427-WA0000-1-225x300.jpg 225w, https:\/\/www.keramiksymposium-roemhild.de\/ksr\/wp-content\/uploads\/IMG-20190427-WA0000-1-618x824.jpg 618w, https:\/\/www.keramiksymposium-roemhild.de\/ksr\/wp-content\/uploads\/IMG-20190427-WA0000-1-333x444.jpg 333w\" sizes=\"auto, (max-width: 768px) 100vw, 768px\" \/><\/figure>\n<\/figure>\n\n\n\n<figure class=\"wp-block-gallery has-nested-images columns-default is-cropped wp-block-gallery-3 is-layout-flex wp-block-gallery-is-layout-flex\">\n<figure class=\"wp-block-image\"><img loading=\"lazy\" decoding=\"async\" width=\"1024\" height=\"575\" data-id=\"793\" src=\"https:\/\/www.keramiksymposium-roemhild.de\/ksr\/wp-content\/uploads\/IMG-20190427-WA0001-2-1024x575.jpg\" alt=\"\" class=\"wp-image-793\" srcset=\"https:\/\/www.keramiksymposium-roemhild.de\/ksr\/wp-content\/uploads\/IMG-20190427-WA0001-2-1024x575.jpg 1024w, https:\/\/www.keramiksymposium-roemhild.de\/ksr\/wp-content\/uploads\/IMG-20190427-WA0001-2-300x168.jpg 300w, https:\/\/www.keramiksymposium-roemhild.de\/ksr\/wp-content\/uploads\/IMG-20190427-WA0001-2-768x431.jpg 768w, https:\/\/www.keramiksymposium-roemhild.de\/ksr\/wp-content\/uploads\/IMG-20190427-WA0001-2-618x347.jpg 618w, https:\/\/www.keramiksymposium-roemhild.de\/ksr\/wp-content\/uploads\/IMG-20190427-WA0001-2-444x249.jpg 444w, https:\/\/www.keramiksymposium-roemhild.de\/ksr\/wp-content\/uploads\/IMG-20190427-WA0001-2.jpg 1600w\" sizes=\"auto, (max-width: 1024px) 100vw, 1024px\" \/><\/figure>\n<\/figure>\n\n\n\n<figure class=\"wp-block-gallery has-nested-images columns-default is-cropped wp-block-gallery-4 is-layout-flex wp-block-gallery-is-layout-flex\">\n<figure class=\"wp-block-image size-large\"><img loading=\"lazy\" decoding=\"async\" width=\"768\" height=\"1024\" data-id=\"1385\" src=\"https:\/\/www.keramiksymposium-roemhild.de\/ksr\/wp-content\/uploads\/IMG-20240711-WA0006-768x1024.jpg\" alt=\"\" class=\"wp-image-1385\" srcset=\"https:\/\/www.keramiksymposium-roemhild.de\/ksr\/wp-content\/uploads\/IMG-20240711-WA0006-768x1024.jpg 768w, https:\/\/www.keramiksymposium-roemhild.de\/ksr\/wp-content\/uploads\/IMG-20240711-WA0006-225x300.jpg 225w, https:\/\/www.keramiksymposium-roemhild.de\/ksr\/wp-content\/uploads\/IMG-20240711-WA0006-1152x1536.jpg 1152w, https:\/\/www.keramiksymposium-roemhild.de\/ksr\/wp-content\/uploads\/IMG-20240711-WA0006-618x824.jpg 618w, https:\/\/www.keramiksymposium-roemhild.de\/ksr\/wp-content\/uploads\/IMG-20240711-WA0006-333x444.jpg 333w, https:\/\/www.keramiksymposium-roemhild.de\/ksr\/wp-content\/uploads\/IMG-20240711-WA0006.jpg 1500w\" sizes=\"auto, (max-width: 768px) 100vw, 768px\" \/><\/figure>\n\n\n\n<figure class=\"wp-block-image size-large\"><img loading=\"lazy\" decoding=\"async\" width=\"768\" height=\"1024\" data-id=\"1387\" src=\"https:\/\/www.keramiksymposium-roemhild.de\/ksr\/wp-content\/uploads\/IMG-20240711-WA0011-768x1024.jpg\" alt=\"\" class=\"wp-image-1387\" srcset=\"https:\/\/www.keramiksymposium-roemhild.de\/ksr\/wp-content\/uploads\/IMG-20240711-WA0011-768x1024.jpg 768w, https:\/\/www.keramiksymposium-roemhild.de\/ksr\/wp-content\/uploads\/IMG-20240711-WA0011-225x300.jpg 225w, https:\/\/www.keramiksymposium-roemhild.de\/ksr\/wp-content\/uploads\/IMG-20240711-WA0011-1152x1536.jpg 1152w, https:\/\/www.keramiksymposium-roemhild.de\/ksr\/wp-content\/uploads\/IMG-20240711-WA0011-618x824.jpg 618w, https:\/\/www.keramiksymposium-roemhild.de\/ksr\/wp-content\/uploads\/IMG-20240711-WA0011-333x444.jpg 333w, https:\/\/www.keramiksymposium-roemhild.de\/ksr\/wp-content\/uploads\/IMG-20240711-WA0011.jpg 1500w\" sizes=\"auto, (max-width: 768px) 100vw, 768px\" \/><\/figure>\n\n\n\n<figure class=\"wp-block-image size-large\"><img loading=\"lazy\" decoding=\"async\" width=\"768\" height=\"1024\" data-id=\"1395\" src=\"https:\/\/www.keramiksymposium-roemhild.de\/ksr\/wp-content\/uploads\/IMG-20240718-WA0006-768x1024.jpg\" alt=\"\" class=\"wp-image-1395\" srcset=\"https:\/\/www.keramiksymposium-roemhild.de\/ksr\/wp-content\/uploads\/IMG-20240718-WA0006-768x1024.jpg 768w, https:\/\/www.keramiksymposium-roemhild.de\/ksr\/wp-content\/uploads\/IMG-20240718-WA0006-225x300.jpg 225w, https:\/\/www.keramiksymposium-roemhild.de\/ksr\/wp-content\/uploads\/IMG-20240718-WA0006-1152x1536.jpg 1152w, https:\/\/www.keramiksymposium-roemhild.de\/ksr\/wp-content\/uploads\/IMG-20240718-WA0006-618x824.jpg 618w, https:\/\/www.keramiksymposium-roemhild.de\/ksr\/wp-content\/uploads\/IMG-20240718-WA0006-333x444.jpg 333w, https:\/\/www.keramiksymposium-roemhild.de\/ksr\/wp-content\/uploads\/IMG-20240718-WA0006.jpg 1500w\" sizes=\"auto, (max-width: 768px) 100vw, 768px\" \/><\/figure>\n\n\n\n<figure class=\"wp-block-image size-large\"><img loading=\"lazy\" decoding=\"async\" width=\"768\" height=\"1024\" data-id=\"1394\" src=\"https:\/\/www.keramiksymposium-roemhild.de\/ksr\/wp-content\/uploads\/IMG-20240718-WA0005-768x1024.jpg\" alt=\"\" class=\"wp-image-1394\" srcset=\"https:\/\/www.keramiksymposium-roemhild.de\/ksr\/wp-content\/uploads\/IMG-20240718-WA0005-768x1024.jpg 768w, https:\/\/www.keramiksymposium-roemhild.de\/ksr\/wp-content\/uploads\/IMG-20240718-WA0005-225x300.jpg 225w, https:\/\/www.keramiksymposium-roemhild.de\/ksr\/wp-content\/uploads\/IMG-20240718-WA0005-1152x1536.jpg 1152w, https:\/\/www.keramiksymposium-roemhild.de\/ksr\/wp-content\/uploads\/IMG-20240718-WA0005-618x824.jpg 618w, https:\/\/www.keramiksymposium-roemhild.de\/ksr\/wp-content\/uploads\/IMG-20240718-WA0005-333x444.jpg 333w, https:\/\/www.keramiksymposium-roemhild.de\/ksr\/wp-content\/uploads\/IMG-20240718-WA0005.jpg 1500w\" sizes=\"auto, (max-width: 768px) 100vw, 768px\" \/><\/figure>\n<\/figure>\n","protected":false},"excerpt":{"rendered":"<p>Mit gro\u00dfer Eigeninitiative unseres Vereins wurde 2018, das sich am Viehmarkt in R\u00f6mhild befindliche Waagh\u00e4uschen, gemeinsam mit der Stadt R\u00f6mhild, zu einem &#8222;Hingucker&#8220; mit einer kleinen Ausstellungsfl\u00e4che restauriert.<\/p>\n","protected":false},"author":4,"featured_media":0,"parent":0,"menu_order":0,"comment_status":"closed","ping_status":"closed","template":"","meta":{"footnotes":""},"class_list":["post-777","page","type-page","status-publish","hentry"],"jetpack_sharing_enabled":true,"_links":{"self":[{"href":"https:\/\/www.keramiksymposium-roemhild.de\/ksr\/wp-json\/wp\/v2\/pages\/777","targetHints":{"allow":["GET"]}}],"collection":[{"href":"https:\/\/www.keramiksymposium-roemhild.de\/ksr\/wp-json\/wp\/v2\/pages"}],"about":[{"href":"https:\/\/www.keramiksymposium-roemhild.de\/ksr\/wp-json\/wp\/v2\/types\/page"}],"author":[{"embeddable":true,"href":"https:\/\/www.keramiksymposium-roemhild.de\/ksr\/wp-json\/wp\/v2\/users\/4"}],"replies":[{"embeddable":true,"href":"https:\/\/www.keramiksymposium-roemhild.de\/ksr\/wp-json\/wp\/v2\/comments?post=777"}],"version-history":[{"count":11,"href":"https:\/\/www.keramiksymposium-roemhild.de\/ksr\/wp-json\/wp\/v2\/pages\/777\/revisions"}],"predecessor-version":[{"id":1416,"href":"https:\/\/www.keramiksymposium-roemhild.de\/ksr\/wp-json\/wp\/v2\/pages\/777\/revisions\/1416"}],"wp:attachment":[{"href":"https:\/\/www.keramiksymposium-roemhild.de\/ksr\/wp-json\/wp\/v2\/media?parent=777"}],"curies":[{"name":"wp","href":"https:\/\/api.w.org\/{rel}","templated":true}]}}