{"id":601,"date":"2018-10-19T08:34:03","date_gmt":"2018-10-19T06:34:03","guid":{"rendered":"http:\/\/www.keramiksymposium-roemhild.de\/ksr\/?page_id=601"},"modified":"2020-04-13T12:57:27","modified_gmt":"2020-04-13T10:57:27","slug":"2015-2","status":"publish","type":"page","link":"https:\/\/www.keramiksymposium-roemhild.de\/ksr\/presse-medien-3\/2015-2\/","title":{"rendered":"Pressemitteilungen 2015"},"content":{"rendered":"<div><b>26. bis 29.03.2015<\/b><br \/>\n<b>Tuchf\u00fchlung zu Terrakotta in der T\u00fcrkei<\/b><br \/>\nPresseinformation \u201eFreies Wort\u201c vom 30.03.2015<\/div>\n<p>Eine kleine Delegation um den B\u00fcrgermeister von R\u00f6mhild und den Keramikverein weilte drei Tage lang in der T\u00fcrkei.<\/p>\n<p><a href=\"https:\/\/www.keramiksymposium-roemhild.de\/news\/Keramiksymposium-Presse-1.pdf\" target=\"blank'\" rel=\"noopener noreferrer\">Link zum Artikel<\/a><\/p>\n<p><strong>06.07.2015<\/strong><br \/>\n<strong>Das X. Internationale Keramiksymposium R\u00f6mhild im Th\u00fcringer Staatsanzeiger<\/strong><\/p>\n<p><a title=\"Das X. Internationale Keramiksymposium R\u00f6mhild im Th\u00fcringer Staatsanzeiger\" href=\"https:\/\/www.keramiksymposium-roemhild.de\/news\/presse-2.jpg\" rel=\"lytebox[19]\">Link\u00a0zum\u00a0Artikel<\/a><strong><br \/>\n<\/strong><a title=\"Das X. Internationale Keramiksymposium R\u00f6mhild im Th\u00fcringer Staatsanzeiger\" href=\"https:\/\/www.keramiksymposium-roemhild.de\/news\/presse-2.jpg\" rel=\"lytebox[19]\"><img decoding=\"async\" class=\"alignleft\" src=\"https:\/\/www.keramiksymposium-roemhild.de\/news\/presse-2.jpg\" width=\"190\" border=\"0\" \/><\/a><!-- x-tinymce\/html --><\/p>\n","protected":false},"excerpt":{"rendered":"<p>26. bis 29.03.2015 Tuchf\u00fchlung zu Terrakotta in der T\u00fcrkei Presseinformation \u201eFreies Wort\u201c vom 30.03.2015 Eine kleine Delegation um den B\u00fcrgermeister von R\u00f6mhild und den Keramikverein weilte drei Tage lang in der T\u00fcrkei. Link zum Artikel 06.07.2015 Das X. Internationale Keramiksymposium R\u00f6mhild im Th\u00fcringer Staatsanzeiger Link\u00a0zum\u00a0Artikel<\/p>\n","protected":false},"author":4,"featured_media":0,"parent":481,"menu_order":1,"comment_status":"closed","ping_status":"closed","template":"","meta":{"footnotes":""},"class_list":["post-601","page","type-page","status-publish","hentry"],"jetpack_sharing_enabled":true,"_links":{"self":[{"href":"https:\/\/www.keramiksymposium-roemhild.de\/ksr\/wp-json\/wp\/v2\/pages\/601","targetHints":{"allow":["GET"]}}],"collection":[{"href":"https:\/\/www.keramiksymposium-roemhild.de\/ksr\/wp-json\/wp\/v2\/pages"}],"about":[{"href":"https:\/\/www.keramiksymposium-roemhild.de\/ksr\/wp-json\/wp\/v2\/types\/page"}],"author":[{"embeddable":true,"href":"https:\/\/www.keramiksymposium-roemhild.de\/ksr\/wp-json\/wp\/v2\/users\/4"}],"replies":[{"embeddable":true,"href":"https:\/\/www.keramiksymposium-roemhild.de\/ksr\/wp-json\/wp\/v2\/comments?post=601"}],"version-history":[{"count":4,"href":"https:\/\/www.keramiksymposium-roemhild.de\/ksr\/wp-json\/wp\/v2\/pages\/601\/revisions"}],"predecessor-version":[{"id":1058,"href":"https:\/\/www.keramiksymposium-roemhild.de\/ksr\/wp-json\/wp\/v2\/pages\/601\/revisions\/1058"}],"up":[{"embeddable":true,"href":"https:\/\/www.keramiksymposium-roemhild.de\/ksr\/wp-json\/wp\/v2\/pages\/481"}],"wp:attachment":[{"href":"https:\/\/www.keramiksymposium-roemhild.de\/ksr\/wp-json\/wp\/v2\/media?parent=601"}],"curies":[{"name":"wp","href":"https:\/\/api.w.org\/{rel}","templated":true}]}}